{"id":6,"date":"2014-01-03T09:24:41","date_gmt":"2014-01-03T09:24:41","guid":{"rendered":"http:\/\/www.corovilladenavia.com\/noticias\/?page_id=6"},"modified":"2023-04-20T17:27:05","modified_gmt":"2023-04-20T17:27:05","slug":"historia-del-coro","status":"publish","type":"page","link":"https:\/\/www.corovilladenavia.com\/noticias\/historia-del-coro\/","title":{"rendered":"Historia del Coro"},"content":{"rendered":"<p><img loading=\"lazy\" decoding=\"async\" class=\"size-thumbnail wp-image-36 alignleft\" src=\"https:\/\/www.corovilladenavia.com\/noticias\/wp-content\/uploads\/coro-historia-150x150.jpg\" alt=\"coro-historia\" width=\"150\" height=\"150\" srcset=\"https:\/\/www.corovilladenavia.com\/noticias\/wp-content\/uploads\/coro-historia-150x150.jpg 150w, https:\/\/www.corovilladenavia.com\/noticias\/wp-content\/uploads\/coro-historia-160x160.jpg 160w\" sizes=\"auto, (max-width: 150px) 100vw, 150px\" \/>El <strong>Coro Villa de Navia<\/strong> fue creado por <strong>D. Manuel Fern\u00e1ndez Fern\u00e1ndez<\/strong>, en Navia (Asturias) -cuna de D. Ram\u00f3n de Campoamor-, en el a\u00f1o 1977.<\/p>\n<p>Desde el a\u00f1o 1983 al 2017 su director ha sido <strong>D. Arturo Prieto Fern\u00e1ndez<\/strong> bajo cuya direcci\u00f3n el Coro alcanz\u00f3 grandes \u00e9xitos. En marzo del 2018 asume la direcci\u00f3n del Coro <strong>D. Manuel Su\u00e1rez Rey<\/strong> despu\u00e9s de haber formado parte del mismo desde sus comienzos como tenor primero, bar\u00edtono y bajo.<\/p>\n<p>En su dilatada historia ha dado innumerables conciertos en buena parte de la geograf\u00eda asturiana, espa\u00f1ola y en el extranjero. Ha participado en cert\u00e1menes, muestras y concursos regionales, nacionales e internacionales de diversa categor\u00eda y significaci\u00f3n, en los cuales ha obtenido varios primeros premios. Realiz\u00f3 conciertos con\u00a0 <strong>Ara Malikian y su orquesta En El Tejado, Juan Coloma, Horacio Icasto, Nina y Joaqu\u00edn Pix\u00e1n<\/strong>, entre otros. Est\u00e1 en posesi\u00f3n de:\u00a0<strong>Clave de Oro, Honor\u00edfico Ciudad de Oviedo, H\u00f3rreo de Oro, Lira de Oro, Urogallo de Bronce<\/strong>, etc.\u00a0<strong>La Consejer\u00eda de Cultura del Principado de Asturias<\/strong> lo ha distinguido en tres ocasiones como mejor grupo coral del a\u00f1o. Cuenta en su haber con grabaciones y actuaciones en directo en distintas cadenas de televisi\u00f3n, tanto auton\u00f3micas como nacionales e internacionales.<\/p>\n<p>El <strong>Coro Villa de Navia<\/strong> tiene el reconocimiento oficial del <strong>Excmo. Ayuntamiento de Vald\u00e9s<\/strong>, como <strong>Patrimonio Cultural del Occidente de Asturias<\/strong>.<\/p>\n<p><img loading=\"lazy\" decoding=\"async\" class=\"size-thumbnail wp-image-40 alignleft\" src=\"https:\/\/www.corovilladenavia.com\/noticias\/wp-content\/uploads\/coro-historia-2-150x150.jpg\" alt=\"coro-historia-2\" width=\"150\" height=\"150\" srcset=\"https:\/\/www.corovilladenavia.com\/noticias\/wp-content\/uploads\/coro-historia-2-150x150.jpg 150w, https:\/\/www.corovilladenavia.com\/noticias\/wp-content\/uploads\/coro-historia-2-160x160.jpg 160w\" sizes=\"auto, (max-width: 150px) 100vw, 150px\" \/><\/p>\n<p>En reconocimiento a su labor como embajador cultural de su tierra durante cuarenta a\u00f1os ininterrumpidos, en el a\u00f1o 2017 el <strong>Excmo. Ayuntamiento de Navia<\/strong> ha procedido a inaugurar con el nombre de <strong>Coro Villa de Navia una c\u00e9ntrica calle<\/strong> de la capital del municipio. Recientemente ha obtenido el Premio \u201c<strong>Axuntabense 2017<\/strong>\u201d otorgado por la Federaci\u00f3n de coros de Asturias (<strong>FECORA<\/strong>) a las agrupaciones que se han destacado en la defensa, divulgaci\u00f3n y apoyo a la actividad Coral en el Principado de Asturias.<\/p>\n<p>En colaboraci\u00f3n con el Excmo. Ayuntamiento de Navia, organiza anualmente la Muestra Internacional de M\u00fasica Coral Villa de Navia.<\/p>\n<p>Ha editado seis CD&#8217;s, varios DVD&#8217;s, y colaborado con orquestas, bandas y corales en una veintena de grabaciones. Est\u00e1 formado por veintiocho voces graves. Su repertorio abarca desde el Renacimiento hasta la canci\u00f3n contempor\u00e1nea, especialmente asturiana, religiosa y polifon\u00eda universal.<\/p>\n","protected":false},"excerpt":{"rendered":"<p>El Coro Villa de Navia fue creado por D. Manuel Fern\u00e1ndez Fern\u00e1ndez, en Navia (Asturias) -cuna de D. Ram\u00f3n de Campoamor-, en el a\u00f1o 1977. Desde el a\u00f1o 1983 al 2017 su director ha sido D. Arturo Prieto Fern\u00e1ndez bajo cuya direcci\u00f3n el Coro alcanz\u00f3 grandes \u00e9xitos. En marzo del 2018 asume la direcci\u00f3n del [&hellip;]<\/p>\n","protected":false},"author":1,"featured_media":0,"parent":0,"menu_order":0,"comment_status":"closed","ping_status":"closed","template":"","meta":{"_uag_custom_page_level_css":"","footnotes":""},"class_list":["post-6","page","type-page","status-publish","hentry"],"uagb_featured_image_src":{"full":false,"thumbnail":false,"medium":false,"medium_large":false,"large":false,"1536x1536":false,"2048x2048":false,"post-thumbnail":false,"twentytwenty-fullscreen":false},"uagb_author_info":{"display_name":"zalone","author_link":"https:\/\/www.corovilladenavia.com\/noticias\/author\/mediadvanced\/"},"uagb_comment_info":0,"uagb_excerpt":"El Coro Villa de Navia fue creado por D. Manuel Fern\u00e1ndez Fern\u00e1ndez, en Navia (Asturias) -cuna de D. Ram\u00f3n de Campoamor-, en el a\u00f1o 1977. Desde el a\u00f1o 1983 al 2017 su director ha sido D. Arturo Prieto Fern\u00e1ndez bajo cuya direcci\u00f3n el Coro alcanz\u00f3 grandes \u00e9xitos. En marzo del 2018 asume la direcci\u00f3n del&hellip;","amp_enabled":true,"_links":{"self":[{"href":"https:\/\/www.corovilladenavia.com\/noticias\/wp-json\/wp\/v2\/pages\/6","targetHints":{"allow":["GET"]}}],"collection":[{"href":"https:\/\/www.corovilladenavia.com\/noticias\/wp-json\/wp\/v2\/pages"}],"about":[{"href":"https:\/\/www.corovilladenavia.com\/noticias\/wp-json\/wp\/v2\/types\/page"}],"author":[{"embeddable":true,"href":"https:\/\/www.corovilladenavia.com\/noticias\/wp-json\/wp\/v2\/users\/1"}],"replies":[{"embeddable":true,"href":"https:\/\/www.corovilladenavia.com\/noticias\/wp-json\/wp\/v2\/comments?post=6"}],"version-history":[{"count":13,"href":"https:\/\/www.corovilladenavia.com\/noticias\/wp-json\/wp\/v2\/pages\/6\/revisions"}],"predecessor-version":[{"id":657,"href":"https:\/\/www.corovilladenavia.com\/noticias\/wp-json\/wp\/v2\/pages\/6\/revisions\/657"}],"wp:attachment":[{"href":"https:\/\/www.corovilladenavia.com\/noticias\/wp-json\/wp\/v2\/media?parent=6"}],"curies":[{"name":"wp","href":"https:\/\/api.w.org\/{rel}","templated":true}]}}